e units digit of 6780?
0
What is the tens digit of 124824?
2
What is the units digit of 6791?
1
What is the hundreds digit of 59123?
1
What is the tens digit of 3175?
7
What is the tens digit of 469?
6
What is the hundreds digit of 129642?
6
What is the tens digit of 2270?
7
What is the tens digit of 25049?
4
What is the ten thousands digit of 24092?
2
What is the ten thousands digit of 13374?
1
What is the tens digit of 17712?
1
What is the units digit of 2963?
3
What is the hundreds digit of 29992?
9
What is the tens digit of 19187?
8
What is the hundreds digit of 169?
1
What is the thousands digit of 1107?
1
What is the units digit of 30544?
4
What is the ten thousands digit of 22471?
2
What is the units digit of 85?
5
What is the units digit of 933?
3
What is the units digit of 5444?
4
What is the units digit of 2618?
8
What is the units digit of 16057?
7
What is the units digit of 2874?
4
What is the hundreds digit of 130216?
2
What is the tens digit of 1406?
0
What is the units digit of 1278?
8
What is the units digit of 4191?
1
What is the thousands digit of 2871?
2
What is the hundreds digit of 91711?
7
What is the hundreds digit of 540?
5
What is the thousands digit of 6993?
6
What is the hundreds digit of 2355?
3
What is the thousands digit of 5537?
5
What is the hundreds digit of 2331?
3
What is the thousands digit of 2611?
2
What is the hundreds digit of 31065?
0
What is the ten thousands digit of 29735?
2
What is the tens digit of 22565?
6
What is the tens digit of 12222?
2
What is the tens digit of 84385?
8
What is the units digit of 755?
5
What is the units digit of 1453?
3
What is the hundreds digit of 53952?
9
What is the units digit of 8497?
7
What is the thousands digit of 54880?
4
What is the units digit of 13878?
8
What is the tens digit of 5440?
4
What is the tens digit of 463?
6
What is the ten thousands digit of 60702?
6
What is the hundreds digit of 4442?
4
What is the tens digit of 3125?
2
What is the tens digit of 10124?
2
What is the tens digit of 25345?
4
What is the thousands digit of 12274?
2
What is the thousands digit of 37594?
7
What is the thousands digit of 132670?
2
What is the tens digit of 2034?
3
What is the ten thousands digit of 38359?
3
What is the units digit of 3839?
9
What is the tens digit of 3404?
0
What is the units digit of 8019?
9
What is the tens digit of 33336?
3
What is the hundreds digit of 599?
5
What is the thousands digit of 8174?
8
What is the units digit of 819?
9
What is the hundreds digit of 20298?
2
What is the tens digit of 5549?
4
What is the tens digit of 397?
9
What is the thousands digit of 40026?
0
What is the thousands digit of 3046?
3
What is the hundreds digit of 24572?
5
What is the hundreds digit of 794?
7
What is the tens digit of 83973?
7
What is the units digit of 23880?
0
What is the tens digit of 135?
3
What is the hundreds digit of 1133?
1
What is the tens digit of 6208?
0
What is the hundreds digit of 158?
1
What is the hundreds digit of 4297?
2
What is the ten thousands digit of 89278?
8
What is the thousands digit of 1401?
1
What is the hundreds digit of 2674?
6
What is the units digit of 31789?
9
What is the thousands digit of 8257?
8
What is the hundreds digit of 122566?
5
What is the tens digit of 35794?
9
What is the ten thousands digit of 29291?
2
What is the tens digit of 25616?
1
What is the hundreds digit of 328?
3
What is the tens digit of 149474?
7
What is the ten thousands digit of 88668?
8
What is the hundreds digit of 320?
3
What is the units digit of 11222?
2
What is the units digit of 792?
2
What is the thousands digit of 9183?
9
What is the tens digit of 42775?
7
What is the units digit of 5577?
7
What is the thousands digit of 9001?
9
What is the hundreds digit of 1187?
1
What is the tens digit of 2007?
0
What is the ten thousands digit of 16750?
1
What is the tens digit of 4533?
3
What is the units digit of 9507?
7
What is the hundreds digit of 49779?
7
What is the thousands digit of 1206?
1
What is the hundreds digit of 30113?
1
What is the hundreds digit of 925?
9
What is the hundreds digit of 260?
2
What is the thousands digit of 8222?
8
What is the tens digit of 1878?
7
What is the hundreds digit of 5708?
7
What is the ten thousands digit of 48606?
4
What is the units digit of 4823?
3
What is the units digit of 4804?
4
What is the tens digit of 1098?
9
What is the hundreds digit of 115195?
1
What is the units digit of 169784?
4
What is the tens digit of 2227?
2
What is the ten thousands digit of 64822?
6
What is the hundreds digit of 9513?
5
What is the tens digit of 1526?
2
What is the units digit of 3739?
9
What is the hundreds digit of 8164?
1
What is the hundreds digit of 4772?
7
What is the units digit of 29722?
2
What is the tens digit of 116422?
2
What is the units digit of 557?
7
What is the tens digit of 1945?
4
What is the hundreds digit of 2042?
0
What is the hundreds digit of 407?
4
What is the thousands digit of 3936?
3
What is the units digit of 2358?
8
What is the hundreds digit of 6697?
6
What is the tens digit of 707?
0
What is the tens digit of 9830?
3
What is the tens digit of 67453?
5
What is the hundreds digit of 42514?
5
What is the tens digit of 1378?
7
What is the units digit of 2563?
3
What is the hundreds digit of 24502?
5
What is the units digit of 125?
5
What is the hundreds digit of 2723?
7
What is the units digit of 3576?
6
What is the tens digit of 6724?
2
What is the tens digit of 8091?
9
What is the tens digit of 48?
4
What is the units digit of 16904?
4
What is the thousands digit of 95552?
5
What is the tens digit of 8245?
4
What is the units digit of 664?
4
What is the hundreds digit of 4531?
5
What is the ten thousands digit of 43852?
4
What is the units digit of 22?
2
What is the hundreds digit of 54918?
9
What is the tens digit of 27573?
7
What is the tens digit of 4034?
3
What is the tens digit of 2178?
7
What is the units digit of 20?
0
What is the units digit of 1035?
5
What is the hundreds digit of 41662?
6
What is the tens digit of 7025?
2
What is the units digit of 39236?
6
What is the units digit of 4133?
3
What is the hundreds digit of 3100?
1
What is the ten thousands digit of 14153?
1
What is the hundreds digit of 954?
9
What is the thousands digit of 9908?
9
What is the thousands digit of 6840?
6
What is the tens digit of 49335?
3
What is the hundreds digit of 86164?
1
What is the units digit of 858?
8
What is the hundreds digit of 29063?
0
What is the units digit of 2538?
8
What is the thousands digit of 4170?
4
What is the units digit of 7683?
3
What is the tens digit of 3933?
3
What is the thousands digit of 8978?
8
What is the units digit of 3522?
2
What is the tens digit of 27467?
6
What is the thousands digit of 4314?
4
What is the units digit of 4382?
2
What is the units digit of 1453?
3
What is the units digit of 608?
8
What is the thousands digit of 1609?
1
What is the tens digit of 3522?
2
What is the thousands digit of 7508?
7
What is the tens digit of 2782?
8
What is the tens digit of 36915?
1
What is the units digit of 620?
0
What is the ten thousands digit of 30111?
3
What is the ten thousands digit of 10850?
1
What is the thousands digit of 32989?
2
What is the hundreds digit of 829?
8
What is the units digit of 1182?
2
What is the thousands digit of 8561?
8
What is the thousands digit of 28442?
8
What is the tens digit of 523?
2
What is the hundreds digit of 22844?
8
What is the tens digit of 64282?
8
What is the tens digit of 10138?
3
What is the thousands digit of 10078?
0
What is the thousands digit of 2370?
2
What is the hundreds digit of 733?
7
What is the units digit of 763?
3
What is the units digit of 75365?
5
What is the ten thousands digit of 19458?
1
What is the thousands digit of 32607?
2
What is the units digit of 1733?
3
What is the thousands digit of 86291?
6
What is the hundreds digit of 32790?
7
What is the tens digit of 2657?
5
What is the hundreds digit of 3763?
7
What is the tens digit of 1087?
8
What is the hundreds digit of 707?
7
What is the thousands digit of 132246?
2
What is the ten thousands digit of 31134?
3
What is the thousands digit of 15444?
5
What is the thousands digit of 6247?
6
What is the hundreds digit of 3198?
1
What is the units di